{"id":4405,"date":"2023-10-19T08:07:28","date_gmt":"2023-10-19T08:07:28","guid":{"rendered":"https:\/\/lagencebrioche.fr\/?page_id=4405"},"modified":"2024-09-18T14:55:52","modified_gmt":"2024-09-18T14:55:52","slug":"mention-legales","status":"publish","type":"page","link":"https:\/\/lagencebrioche.fr\/index.php\/mention-legales\/","title":{"rendered":"Mention l\u00e9gales"},"content":{"rendered":"<p>[et_pb_section fb_built=\u00a0\u00bb1&Prime; _builder_version=\u00a0\u00bb4.22.1&Prime; _module_preset=\u00a0\u00bbdefault\u00a0\u00bb background_color=\u00a0\u00bb#fdf4e7&Prime; global_colors_info=\u00a0\u00bb{}\u00a0\u00bb][et_pb_row _builder_version=\u00a0\u00bb4.22.1&Prime; _module_preset=\u00a0\u00bbdefault\u00a0\u00bb custom_margin=\u00a0\u00bb||||false|false\u00a0\u00bb custom_padding=\u00a0\u00bb||||false|false\u00a0\u00bb global_colors_info=\u00a0\u00bb{}\u00a0\u00bb][et_pb_column type=\u00a0\u00bb4_4&Prime; _builder_version=\u00a0\u00bb4.22.1&Prime; _module_preset=\u00a0\u00bbdefault\u00a0\u00bb global_colors_info=\u00a0\u00bb{}\u00a0\u00bb][et_pb_text _builder_version=\u00a0\u00bb4.22.1&Prime; _module_preset=\u00a0\u00bbdefault\u00a0\u00bb header_font=\u00a0\u00bbOliverRegular||||||||\u00a0\u00bb header_text_align=\u00a0\u00bbcenter\u00a0\u00bb header_text_color=\u00a0\u00bb#5c6a80&Prime; header_font_size=\u00a0\u00bb35px\u00a0\u00bb header_2_text_align=\u00a0\u00bbcenter\u00a0\u00bb custom_padding=\u00a0\u00bb||||false|false\u00a0\u00bb global_colors_info=\u00a0\u00bb{}\u00a0\u00bb]<\/p>\n<h1>Nos mentions l\u00e9gales<\/h1>\n<p>[\/et_pb_text][\/et_pb_column][\/et_pb_row][\/et_pb_section][et_pb_section fb_built=\u00a0\u00bb1&Prime; _builder_version=\u00a0\u00bb4.22.1&Prime; _module_preset=\u00a0\u00bbdefault\u00a0\u00bb global_colors_info=\u00a0\u00bb{}\u00a0\u00bb][et_pb_row _builder_version=\u00a0\u00bb4.22.1&Prime; _module_preset=\u00a0\u00bbdefault\u00a0\u00bb global_colors_info=\u00a0\u00bb{}\u00a0\u00bb][et_pb_column type=\u00a0\u00bb4_4&Prime; _builder_version=\u00a0\u00bb4.22.1&Prime; _module_preset=\u00a0\u00bbdefault\u00a0\u00bb global_colors_info=\u00a0\u00bb{}\u00a0\u00bb][et_pb_text _builder_version=\u00a0\u00bb4.22.1&Prime; _module_preset=\u00a0\u00bbdefault\u00a0\u00bb global_colors_info=\u00a0\u00bb{}\u00a0\u00bb]<\/p>\n<p>La plateforme (ci-apr\u00e8s d\u00e9sign\u00e9e la \u00ab Plateforme \u00bb) est \u00e9dit\u00e9e par la soci\u00e9t\u00e9 L\u2019Agence Brioche est une soci\u00e9t\u00e9 \u00e0 responsabilit\u00e9 limit\u00e9e au capital de 2.000 euros, dont le si\u00e8ge social est situ\u00e9 au 5 rue Lemercier 75017 Paris, immatricul\u00e9e au Registre du Commerce et des Soci\u00e9t\u00e9s de Paris sous le num\u00e9ro 950 981 126, Num\u00e9ro de TVA FR51950981126 (ci-apr\u00e8s d\u00e9nomm\u00e9e la \u00ab Soci\u00e9t\u00e9 \u00bb).<\/p>\n<p>La Plateforme est h\u00e9berg\u00e9e par la soci\u00e9t\u00e9 Hostinger.<\/p>\n<p>Madame Julia Midart est directrice de la publication de la Plateforme.<\/p>\n<p>Il est possible de contacter la Soci\u00e9t\u00e9 \u00e0 l&rsquo;adresse indiqu\u00e9e en t\u00eate des pr\u00e9sentes, via le formulaire de contact disponible sur la Plateforme, par courrier \u00e9lectronique \u00e0 l\u2019adresse hello@lagencebrioche.fr ou par t\u00e9l\u00e9phone au 07 56 89 47 89.<\/p>\n<p>Pour toute autre information relative aux services fournis sur la Plateforme, des Conditions G\u00e9n\u00e9rales d\u2019Utilisation et de Vente, sont disponibles sur la Plateforme.<\/p>\n<p>&nbsp;<\/p>\n<p><strong>Confidentialit\u00e9 et Protection des Donn\u00e9es Personnelles<\/strong><\/p>\n<p>La Soci\u00e9t\u00e9 accorde une grande importance \u00e0 la protection de vos donn\u00e9es personnelles. Conform\u00e9ment \u00e0 la r\u00e9glementation applicable, notamment le R\u00e8glement G\u00e9n\u00e9ral sur la Protection des Donn\u00e9es (RGPD), nous nous engageons \u00e0 assurer la confidentialit\u00e9 et la s\u00e9curit\u00e9 des informations personnelles collect\u00e9es via la Plateforme et l&rsquo;application mobile.<\/p>\n<p>Les donn\u00e9es personnelles collect\u00e9es sont utilis\u00e9es exclusivement pour la gestion des services propos\u00e9s sur la Plateforme et l&rsquo;application mobile, ainsi que pour am\u00e9liorer votre exp\u00e9rience utilisateur. Ces donn\u00e9es ne seront jamais partag\u00e9es avec des tiers sans votre consentement explicite, sauf en cas d&rsquo;obligation l\u00e9gale.<\/p>\n<p><strong>Droits des Utilisateurs<\/strong><\/p>\n<p>Conform\u00e9ment aux lois en vigueur, vous disposez d&rsquo;un droit d&rsquo;acc\u00e8s, de rectification, d&rsquo;effacement, de limitation et d&rsquo;opposition au traitement de vos donn\u00e9es personnelles. Vous pouvez exercer ces droits en nous contactant \u00e0 l&rsquo;adresse \u00e9lectronique suivante : <a rel=\"noopener\">hello@lagencebrioche.fr<\/a>.<\/p>\n<p>Vous avez \u00e9galement la possibilit\u00e9 de supprimer vos donn\u00e9es personnelles \u00e0 tout moment depuis les param\u00e8tres de votre profil au sein de l&rsquo;application mobile. Si vous ne prenez pas cette initiative, vos donn\u00e9es peuvent \u00eatre automatiquement supprim\u00e9es apr\u00e8s un certain d\u00e9lai d&rsquo;inactivit\u00e9, conform\u00e9ment \u00e0 notre politique de conservation des donn\u00e9es.<\/p>\n<p><strong>S\u00e9curit\u00e9 des Donn\u00e9es<\/strong><\/p>\n<p>Nous mettons en \u0153uvre toutes les mesures techniques et organisationnelles n\u00e9cessaires pour garantir la s\u00e9curit\u00e9 des donn\u00e9es personnelles contre toute perte, alt\u00e9ration, divulgation ou acc\u00e8s non autoris\u00e9.<\/p>\n<p>&nbsp;<\/p>\n<p>[\/et_pb_text][\/et_pb_column][\/et_pb_row][\/et_pb_section]<\/p>\n","protected":false},"excerpt":{"rendered":"<p>Nos mentions l\u00e9galesLa plateforme (ci-apr\u00e8s d\u00e9sign\u00e9e la \u00ab Plateforme \u00bb) est \u00e9dit\u00e9e par la soci\u00e9t\u00e9 L\u2019Agence Brioche est une soci\u00e9t\u00e9 \u00e0 responsabilit\u00e9 limit\u00e9e au capital de 2.000 euros, dont le si\u00e8ge social est situ\u00e9 au 5 rue Lemercier 75017 Paris, immatricul\u00e9e au Registre du Commerce et des Soci\u00e9t\u00e9s de Paris sous le num\u00e9ro 950 981 [&hellip;]<\/p>\n","protected":false},"author":2,"featured_media":0,"parent":0,"menu_order":0,"comment_status":"closed","ping_status":"closed","template":"","meta":{"_et_pb_use_builder":"on","_et_pb_old_content":"","_et_gb_content_width":"","footnotes":""},"class_list":["post-4405","page","type-page","status-publish","hentry"],"_links":{"self":[{"href":"https:\/\/lagencebrioche.fr\/index.php\/wp-json\/wp\/v2\/pages\/4405","targetHints":{"allow":["GET"]}}],"collection":[{"href":"https:\/\/lagencebrioche.fr\/index.php\/wp-json\/wp\/v2\/pages"}],"about":[{"href":"https:\/\/lagencebrioche.fr\/index.php\/wp-json\/wp\/v2\/types\/page"}],"author":[{"embeddable":true,"href":"https:\/\/lagencebrioche.fr\/index.php\/wp-json\/wp\/v2\/users\/2"}],"replies":[{"embeddable":true,"href":"https:\/\/lagencebrioche.fr\/index.php\/wp-json\/wp\/v2\/comments?post=4405"}],"version-history":[{"count":6,"href":"https:\/\/lagencebrioche.fr\/index.php\/wp-json\/wp\/v2\/pages\/4405\/revisions"}],"predecessor-version":[{"id":4475,"href":"https:\/\/lagencebrioche.fr\/index.php\/wp-json\/wp\/v2\/pages\/4405\/revisions\/4475"}],"wp:attachment":[{"href":"https:\/\/lagencebrioche.fr\/index.php\/wp-json\/wp\/v2\/media?parent=4405"}],"curies":[{"name":"wp","href":"https:\/\/api.w.org\/{rel}","templated":true}]}}